(-20)/(-6))/((-2)/(-126)). Suppose 0 = -2*j - 3*j + l. What is the highest common divisor of j and 378?
42
Suppose -5*l = 4*g + 246, 10*g + 2 = 12*g. Let u = 82 + l. Calculate the highest common factor of 256 and u.
32
Suppose -180 = -38*z + 32*z. Calculate the highest common divisor of z and 18.
6
Let l = -25 + 81. Calculate the greatest common factor of l and 952.
56
Let i be (-27)/(-18)*((-552)/(-9) - 4). What is the greatest common factor of 2 and i?
2
Let v(b) = -7*b + 40. Let j be v(5). Suppose -22 = -g - j. Let u be 205/4 - (-2)/(-8). What is the greatest common divisor of u and g?
17
Suppose 0 = -3*k, -5*k - 17 - 41 = -2*y. Let w(j) = 6*j**2 - 5. Let z be w(-5). Calculate the highest common divisor of z and y.
29
Suppose 5*o = 20, o + 1972 = 4*k - 2*o. Suppose -x - 5*q + 510 = 4*x, -k = -5*x + 2*q. Calculate the greatest common divisor of 60 and x.
20
Suppose 0 = -3*s - 5*d + 122, 3*d - 100 = -5*s + 98. Calculate the greatest common factor of 299 and s.
13
Let o(s) = -6*s + 29. Let j be o(4). Suppose -6*w + j*w - 5*r + 82 = 0, 0 = r - 2. What is the highest common factor of w and 18?
18
Suppose 4*m - 3 = -p, -2*m + p + 11 = 2. What is the highest common factor of m and 82?
2
Suppose -l + 26 + 18 = 0. Let t(u) = 31*u**2 - 1015*u - 4072. Let c be t(-4). Calculate the greatest common divisor of l and c.
44
Let j be ((-15)/20)/((2/(-320))/1). Let q be (-9)/(3 - 33/10). What is the highest common factor of j and q?
30
Let r = -445 - -450. What is the greatest common divisor of r and 12?
1
Suppose -3*u + 3*w + 9 = -6, 3*u - 5 = -2*w. Calculate the greatest common factor of u and 3.
3
Let j(b) = 11*b**2 - 13*b + 114. Let c be j(6). Calculate the greatest common factor of c and 27.
27
Let b = 375 - 211. Calculate the highest common factor of 4 and b.
4
Let u(q) = -9*q - 309. Let h be u(-53). What is the greatest common divisor of 616 and h?
56
Suppose -4*s = -4*o - 8, -o = -0*o + s - 8. Let a be 10*(o - (-15)/(-6)). Let h be 122/3 - 2/3. What is the greatest common factor of h and a?
5
Suppose -g = -0*g - 5. Suppose i = -i + t - 5, -5*t = g. Let z be (-1)/i*0 + 30. Calculate the greatest common divisor of z and 6.
6
Suppose -3*p + 7*q = 2*q - 1088, -3*q = -2*p + 724. Suppose -3*c + 454 + p = 0. Calculate the greatest common divisor of 30 and c.
30
Suppose 0 = 3*v + 3*t - 60, 3 = v + 3*t - 25. Let f = 3 - -125. What is the greatest common divisor of v and f?
16
Let p be 2/6 - (-8170)/(-30). Let l = -151 - p. Suppose -2*r - 3*r = -2*u - 148, -4*r = u - l. Calculate the greatest common factor of r and 20.
10
Let u(d) = -2*d**3 - 15*d**2 - d - 118. Let a be u(-11). Calculate the greatest common divisor of a and 40.
20
Suppose 4*q = -0*q + 112. Suppose 3*z + c = 2, 0*c - 4 = -z + 3*c. Let m be z + (-5)/15 + 500/6. Calculate the highest common factor of q and m.
28
Suppose 14*d - 127 + 15 = 0. Calculate the highest common divisor of d and 96.
8
Let u(g) = g**3 - 17*g**2 - 39*g + 25. Let n be u(19). Suppose 72 = n*c - 144. Calculate the greatest common factor of c and 4.
4
Let y(j) = -7*j + 5*j - 1 + 0*j + j**2 + 2. Let x be y(0). Calculate the greatest common factor of 9 and x.
1
Let s(m) = 17*m + 15. Let y(i) = 4*i**2 + 3*i - 2. Let d be y(1). Let r be s(d). Calculate the greatest common divisor of r and 20.
20
Let a be 284 - (12 + -11 - 12). Calculate the highest common factor of a and 25.
5
Let d(v) = v**3 + 9*v**2 - 10*v + 2. Let k be d(-6). What is the highest common divisor of 85 and k?
85
Let j(d) = -15*d + 54. Let q be j(-6). Calculate the greatest common divisor of 36 and q.
36
Suppose -5*l = o + 1, -2*o - 5*l - 12 - 10 = 0. Let r = o - -32. Let u = 238 + -117. Calculate the highest common factor of r and u.
11
Let t be 1469/26 - 1/2. Suppose 3*z - t = z. Let a be (-2 + 4)/(8/z). What is the highest common divisor of a and 49?
7
Suppose 2*s = 7*r - 8*r + 32, -5*r - 4*s = -136. Calculate the highest common divisor of r and 216.
24
Let r(s) = 2*s**2 - 6*s - 1. Let f be r(7). Calculate the greatest common factor of f and 40.
5
Suppose -b = -2*b + 4*q + 38, -3*b - 5*q = -80. What is the greatest common factor of b and 294?
6
Let p(a) = 4*a**2 - 6*a - 31. Let h(s) = 2*s**2 - 3*s - 15. Let j(b) = -5*h(b) + 3*p(b). Let d be j(6). What is the highest common divisor of d and 24?
12
Let i be -22 + (1 - (2 - 3)). Let d = 14 + i. Let u = -2 - d. What is the greatest common divisor of 20 and u?
4
Let y = 12 + -18. Let v be y/4*(-2)/3. Let s be 16/(2/v) + 1. What is the highest common factor of 99 and s?
9
Let r(m) = -15*m - 10*m + 4 - 25*m. Let c be r(-3). Suppose 4*f - 48 = -5*d + 15, 0 = 2*f - d - 49. Calculate the highest common divisor of f and c.
22
Let w(i) = 366*i**2 + 3*i - 1. Let g be w(1). Calculate the highest common divisor of 46 and g.
46
Let r be (-1)/3*1*-33. Let q be (-6)/4*(12 + 0). Let y be q/(-22) + (-2)/(-11). What is the greatest common divisor of y and r?
1
Let h = -54 + 73. What is the greatest common factor of 57 and h?
19
Let o = 228 + -216. Let u = 9 + 3. What is the highest common factor of u and o?
12
Let f be (-3)/7 - 460/70. Suppose -3*m + 60 = m. Let b = m + f. Calculate the greatest common divisor of 32 and b.
8
Suppose -r = 5*g, g = 3*r - 30 + 14. What is the highest common factor of r and 25?
5
Let v(m) = m + 1. Let j be v(4). Suppose 78 = j*u + 13. Let s(n) = -n**3 + 17*n**2 - 24*n - 38. Let a be s(15). Calculate the highest common divisor of u and a.
13
Let v(t) = 2*t**2 - 3*t + 1. Let a be v(2). Let f(w) = -w**2 + 7*w. Let p be f(a). Suppose 0 = -4*k - k + 300. Calculate the highest common factor of p and k.
12
Let f be 2/(-25) + 21728/350 + 15. Calculate the greatest common factor of f and 220.
11
Suppose 73 + 2 = m - 2*q, -218 = -3*m - q. Let y = 74 - m. What is the highest common factor of y and 1?
1
Let g be -11*(-1)/2*(6 + -10). Let w = g + 57. Calculate the greatest common factor of w and 7.
7
Let j(o) = 6*o**3 + 2*o**2 - 3*o + 12. Let m be j(4). Calculate the greatest common factor of m and 16.
16
Let g(f) = 5*f + 11. Let c be 78/18 - 2/(-3). Let b be g(c). Calculate the greatest common factor of 27 and b.
9
Let c = 163 - 121. What is the greatest common factor of c and 28?
14
Let y(l) = 2*l**3 + 16*l**2 - 4*l - 6. Suppose 19*c = -2*c - 147. Let v be y(c). Let z = -8 - -23. What is the highest common divisor of z and v?
15
Let m be -36*((-246)/18 + 1). What is the greatest common factor of m and 114?
114
Suppose 2*j + 3 = 11. Suppose 2*n + b = 41, 18 = -j*b + 6. Calculate the greatest common factor of n and 22.
22
Let a(p) = -p**2 + 24*p + 57. Let x be a(26). Let q be (0 - x)*(2 - 5). Calculate the highest common factor of 30 and q.
15
Let a = 6 + 0. Let i(j) = -14*j + 185. Let q be i(13). What is the greatest common factor of a and q?
3
Suppose -176 = -i + 4*j, j - 643 + 7 = -4*i. Let o be 10*(-4 + 0)/(-2). Calculate the greatest common factor of i and o.
20
Suppose -385*j + 394*j - 360 = 0. Let c(h) = 14*h**2 + h + 2. Let m be c(2). Calculate the greatest common divisor of m and j.
20
Let d be (-5)/4*(-12 + 4). Let p = -35 + d. Let v = p + 41. Calculate the highest common factor of 40 and v.
8
Let f(y) = -y**3 - 5*y**2 + 12*y + 16. Let b be f(-7). Suppose 3*r - b = 2*q, 3*r + 40 = 7*r + q. What is the highest common divisor of 70 and r?
10
Let u be 15/6*648/30. Calculate the highest common divisor of 297 and u.
27
Let p = 104 + -104. Suppose p = 8*i - 11*i + 45. Let v = 322 - 202. What is the greatest common divisor of i and v?
15
Let g(i) = -15*i + 131. Let a be g(6). What is the greatest common factor of 205 and a?
41
Let g = 3 - -9. Suppose 21*v = 26*v - 780. Calculate the highest common factor of g and v.
12
Suppose 0 = -p - 5*k - 5, 0 = -p + 5*k - 4*k + 7. Let z = -6 + 11. What is the greatest common divisor of p and z?
5
Let a be 3/6*4*1. Let u = a + 2. Let t be 1*u - (-10)/10. What is the highest common divisor of t and 45?
5
Suppose -663 = 4*i - 5*r - 118, -i = 4*r + 110. Let g be i/(-14) - 2/7. Let l be -81*(4 + -5) - 0. What is the greatest common factor of g and l?
9
Let b = -217 - -269. What is the highest common divisor of 12 and b?
4
Let w = -34 - -46. Let z(n) = -n**3 - 4*n**2 + 2*n + 3. Let o be z(-5). Suppose -i + w = c, 0*c + o = i - 2*c. Calculate the highest common factor of 2 and i.